?
False
Is 1053396 a multiple of 261?
True
Is 7 a factor of 593817?
True
Does 193 divide 9488625?
False
Is 25 a factor of 500112?
False
Is 139468 a multiple of 119?
True
Is 98 a factor of 241864?
True
Does 60 divide 289339?
False
Does 564 divide 770424?
True
Is 612 a factor of 1691892?
False
Is 10 a factor of 67492?
False
Is 12253906 a multiple of 2215?
False
Does 9 divide 998223?
False
Is 379944 a multiple of 54?
True
Is 18 a factor of 24044971?
False
Is 3313490 a multiple of 434?
False
Is 1200 a factor of 9481200?
True
Is 8 a factor of 2221792?
True
Is 99939 a multiple of 684?
False
Is 200596 a multiple of 33?
False
Does 34 divide 3361380?
False
Is 197824 a multiple of 22?
True
Does 2 divide 34741?
False
Does 10 divide 2060070?
True
Is 2657760 a multiple of 112?
True
Does 439 divide 1230195?
False
Does 6 divide 59182?
False
Does 33 divide 4792063?
False
Is 81732 a multiple of 7?
True
Is 124 a factor of 425009?
False
Is 7 a factor of 130926?
False
Is 19 a factor of 1762250?
True
Is 113018 a multiple of 33?
False
Does 7 divide 185395?
True
Is 694080 a multiple of 348?
False
Is 4099830 a multiple of 34?
False
Is 9 a factor of 4122338?
False
Is 1453732 a multiple of 7?
True
Is 4481294 a multiple of 1148?
False
Is 48120 a multiple of 30?
True
Is 144 a factor of 238032?
True
Is 3982034 a multiple of 38?
False
Is 103 a factor of 8614?
False
Is 211848 a multiple of 273?
True
Is 12046589 a multiple of 65?
False
Does 10 divide 46290?
True
Is 756380 a multiple of 4?
True
Is 65 a factor of 58064?
False
Is 10 a factor of 1258090?
True
Does 5 divide 163441?
False
Is 1645425 a multiple of 229?
False
Does 1331 divide 11077913?
True
Is 58 a factor of 92858?
True
Does 12 divide 132795?
False
Does 14 divide 342706?
True
Does 266 divide 806226?
False
Is 361890 a multiple of 90?
True
Is 64 a factor of 2540096?
True
Is 336708 a multiple of 597?
True
Is 3164573 a multiple of 18?
False
Does 112 divide 784627?
False
Does 185 divide 309459?
False
Does 395 divide 14714145?
True
Does 10 divide 3834950?
True
Does 70 divide 219030?
True
Does 572 divide 292864?
True
Is 179436 a multiple of 17?
False
Does 11 divide 2707677?
False
Does 8 divide 7000?
True
Is 3 a factor of 102057?
True
Is 44160 a multiple of 368?
True
Is 185 a factor of 17033417?
False
Does 30 divide 2498761?
False
Does 9 divide 1437792?
False
Is 93130 a multiple of 68?
False
Is 281595 a multiple of 5?
True
Is 126 a factor of 2200212?
True
Is 4 a factor of 12181?
False
Is 4262749 a multiple of 1066?
False
Does 72 divide 278914?
False
Does 232 divide 200264?
False
Does 247 divide 65702?
True
Is 32 a factor of 1528832?
True
Is 207 a factor of 45540?
True
Is 31 a factor of 285913?
True
Is 433076 a multiple of 150?
False
Does 524 divide 472723?
False
Is 303 a factor of 9552829?
False
Is 10 a factor of 83890?
True
Is 11 a factor of 30085?
True
Does 41 divide 78604?
False
Does 153 divide 569925?
True
Is 6370494 a multiple of 78?
True
Does 165 divide 64975?
False
Is 33597 a multiple of 9?
True
Is 85500 a multiple of 171?
True
Does 937 divide 3593395?
True
Does 21 divide 755664?
True
Does 73 divide 9716396?
False
Is 5 a factor of 49300?
True
Is 17115 a multiple of 2?
False
Does 266 divide 244536?
False
Is 359 a factor of 54649?
False
Is 1699870 a multiple of 23?
False
Is 346430 a multiple of 97?
False
Is 9 a factor of 2878776?
True
Is 122 a factor of 228364?
False
Does 150 divide 441900?
True
Is 331020 a multiple of 15?
True
Is 79828 a multiple of 58?
False
Is 4257227 a multiple of 12?
False
Is 4 a factor of 9743?
False
Is 145 a factor of 131372?
False
Does 88 divide 6933256?
True
Is 55 a factor of 149655?
True
Is 4 a factor of 2520868?
True
Is 3061641 a multiple of 209?
True
Is 93627 a multiple of 303?
True
Is 10 a factor of 2640?
True
Does 213 divide 178281?
True
Is 3335184 a multiple of 18?
True
Is 1979202 a multiple of 6?
True
Is 25 a factor of 15875?
True
Is 177800 a multiple of 175?
True
Is 11 a factor of 1631982?
True
Is 6 a factor of 29056?
False
Does 108 divide 2364660?
True
Does 20 divide 4600?
True
Does 2 divide 19796?
True
Is 59 a factor of 118885?
True
Is 200349 a multiple of 113?
True
Is 2079168 a multiple of 32?
True
Does 69 divide 2198754?
True
Is 3351630 a multiple of 393?
False
Does 2539 divide 5474994?
False
Does 27 divide 2486422?
False
Is 71690 a multiple of 67?
True
Is 351 a factor of 226044?
True
Is 19662261 a multiple of 87?
True
Does 5 divide 1421529?
False
Is 8173565 a multiple of 515?
True
Is 977970 a multiple of 26?
False
Does 51 divide 315435?
True
Is 7001973 a multiple of 938?
False
Is 3034138 a multiple of 6?
False
Is 8248 a multiple of 2?
True
Is 469184 a multiple of 10?
False
Does 15 divide 257940?
True
Does 73 divide 1315679?
True
Is 243 a factor of 162081?
True
Is 16865864 a multiple of 422?
False
Is 70 a factor of 45640?
True
Does 11 divide 1244276?
True
Is 88 a factor of 29128?
True
Is 657 a factor of 2252196?
True
Does 285 divide 3789645?
True
Does 862 divide 12752004?
False
Is 1152420 a multiple of 3?
True
Does 19 divide 6122598?
True
Is 19152 a multiple of 107?
False
Is 69107 a multiple of 69?
False
Is 111701 a multiple of 4?
False
Does 429 divide 425997?
True
Is 20 a factor of 1067182?
False
Does 126 divide 297760?
False
Does 741 divide 1246390?
False
Is 379132 a multiple of 66?
False
Is 2 a factor of 86821?
False
Is 1141392 a multiple of 688?
True
Does 9 divide 318852?
True
Does 25 divide 37975?
True
Is 2450 a factor of 3293649?
False
Is 5429158 a multiple of 48?
False
Is 2587 a multiple of 4?
False
Does 12 divide 43613?
False
Does 195 divide 4544475?
True
Is 11 a factor of 266770?
False
Does 170 divide 570860?
True
Is 76 a factor of 2989764?
True
Is 9 a factor of 366816?
False
Is 15 a factor of 5106555?
True
Does 289 divide 2479909?
True
Is 6 a factor of 64878?
True
Is 188 a factor of 867016?
False
Does 114 divide 38076?
True
Is 75 a factor of 2353012?
False
Is 54642 a multiple of 14?
True
Is 4602815 a multiple of 245?
True
Does 9 divide 230571?
True
Is 8 a factor of 32856?
True
Is 606 a factor of 5879531?
False
Is 26 a factor of 288814?
False
Is 339944 a multiple of 127?
False
Is 283227 a multiple of 23?
False
Does 10 divide 84583?
False
Is 82 a factor of 137636?
False
Is 264975 a multiple of 13?
False
Is 1967742 a multiple of 441?
True
Does 8 divide 455560?
True
Is 58776 a multiple of 8?
True
Is 6 a factor of 574224?
True
Is 329 a factor of 111832?
False
Is 26 a factor of 9334?
True
Is 14 a factor of 111880?
False
Is 656 a factor of 8081264?
True
Is 918 a factor of 1958094?
True
Is 1666028 a multiple of 161?
True
Does 847 divide 926618?
True
Is 15 a factor of 255540?
True
Is 676893 a multiple of 21?
True
Is 3184324 a multiple of 29?
False
Is 52850 a multiple of 14?
True
Is 57 a factor of 151967?
False
Is 10 a factor of 958135?
False
Does 63 divide 702891?
True
Does 148 divide 7160356?
False
Is 26 a factor of 3964276?
False
Is 1451677 a multiple of 37?
False
Does 54 divide 631300?
False
Is 48 a factor of 896672?
False
Is 108262 a multiple of 209?
True
Does 110 divide 624800?
True
Is 9 a factor of 1481632?
False
Does 15 divide 4522798?
False
Does 165 divide 334455?
True
Does 21 divide 12488868?
True
Does 284 divide 1213747?
False
Does 24 divide 321048?
True
Is 502 a factor of 66739?
False
Is 32 a factor of 977693?
False
Does 82 divide 3131170?
True
Is 58393 a multiple of 34?
False
Is 28 a factor of 20692?
True
Is 570528 a multiple of 15?
False
Does 7 divide 372386?
True
Is 218 a factor of 524726?
True
Is 4907220 a multiple of 255?
True
Does 115 divide 320965?
True
Is 296 a factor of 373552?
True
Is 17752129 a multiple of 52?
False
Is 96 a factor of 661592?
False
Does 34 divide 13111420?
True
Is 485170 a multiple of 10?
True
Is 1280 a factor of 4460800?
True
Is 68 a factor of 34952?
True
Does 11 divide 1137718?
False
Is 1296236 a multiple of 5?
False
Does 16 divide 1379073?
False
Is 7 a factor of 309138?
False
Does 573 divide 124914?
True
Is 118530 a multiple of 5?
True
Does 8 divide 51275?
False
Is 20613 a multiple of 3?
True
Does 500 divide 7131500?
True
Does 4 divide 341680?
True
Is 7146879 a multiple of 5?
False
Does 22 divide 2376388?
False
Is 26964 a multiple of 21?
True
Is 323648 a multiple of 47?
False
Is 5 a factor of 34715?
True
Is 1063380 a multiple of 111?
T